896 and 1770.
354
Calculate the greatest common factor of 47135 and 110.
55
Calculate the highest common factor of 744 and 1672264.
248
Calculate the greatest common factor of 14454 and 36.
18
What is the greatest common factor of 51363 and 1183?
13
What is the greatest common divisor of 3970124 and 488?
244
Calculate the highest common divisor of 2730 and 62205.
195
Calculate the highest common factor of 134154 and 174.
174
Calculate the greatest common divisor of 457200 and 6.
6
Calculate the greatest common factor of 88599 and 42.
21
Calculate the highest common factor of 95062 and 88.
22
Calculate the highest common factor of 5395 and 1300.
65
What is the highest common divisor of 2405 and 60532?
37
What is the greatest common factor of 2844 and 19671?
237
What is the greatest common factor of 3582 and 172732?
398
Calculate the greatest common divisor of 45182 and 820.
82
What is the greatest common divisor of 19 and 3439?
19
What is the highest common factor of 32 and 2564000?
32
What is the highest common divisor of 28590 and 1260?
30
What is the highest common divisor of 7936 and 368384?
256
Calculate the greatest common factor of 169680 and 2320.
80
Calculate the highest common factor of 6240 and 1024.
32
What is the greatest common factor of 80013 and 4917?
447
What is the greatest common divisor of 120642 and 5?
1
What is the highest common factor of 2444 and 12349532?
2444
Calculate the greatest common factor of 126 and 9917901.
63
What is the greatest common factor of 63 and 487795?
7
Calculate the highest common factor of 326 and 447598.
326
Calculate the highest common divisor of 58800 and 4050.
150
Calculate the highest common divisor of 206506 and 79.
79
What is the greatest common divisor of 82 and 31037?
41
What is the greatest common factor of 9882 and 4374?
162
What is the highest common divisor of 16459 and 604?
151
What is the highest common divisor of 161218 and 1192?
298
Calculate the greatest common divisor of 1368 and 1256.
8
What is the greatest common factor of 674358 and 213?
213
Calculate the highest common factor of 154 and 8582.
14
What is the greatest common factor of 2668 and 53708?
116
Calculate the greatest common factor of 336 and 22827.
21
Calculate the greatest common divisor of 195899 and 242.
121
Calculate the highest common factor of 356 and 33197.
89
Calculate the highest common factor of 88500 and 1062.
354
What is the greatest common factor of 34 and 17642?
2
Calculate the highest common factor of 11690 and 197561.
1169
Calculate the greatest common divisor of 12439 and 14.
7
What is the highest common divisor of 3286 and 248?
62
Calculate the highest common divisor of 164 and 19116.
4
What is the greatest common divisor of 957 and 1458555?
87
Calculate the greatest common factor of 3969 and 48237.
21
Calculate the greatest common factor of 891 and 1175526.
297
What is the highest common factor of 1719 and 468?
9
Calculate the highest common divisor of 11488 and 2451252.
1436
What is the greatest common factor of 2 and 45246?
2
What is the greatest common factor of 32 and 3896?
8
Calculate the highest common divisor of 5764 and 165.
11
What is the greatest common factor of 1162 and 1103319?
581
What is the greatest common factor of 581487 and 1673?
239
What is the highest common factor of 40726 and 14?
14
Calculate the greatest common factor of 750 and 5100.
150
What is the highest common divisor of 33 and 59939?
11
Calculate the highest common factor of 4390 and 450.
10
Calculate the highest common factor of 12670047 and 351.
351
What is the greatest common divisor of 5332 and 250108?
124
What is the greatest common divisor of 60 and 72550?
10
What is the greatest common divisor of 3724 and 36936?
76
Calculate the highest common divisor of 2774 and 3382.
38
Calculate the greatest common divisor of 28 and 92596.
28
What is the greatest common divisor of 252 and 268668?
36
What is the highest common divisor of 39 and 494169?
39
Calculate the greatest common factor of 138 and 28074.
6
Calculate the highest common divisor of 140595 and 780.
195
What is the highest common factor of 3108 and 10619?
259
What is the greatest common divisor of 36 and 80118?
18
Calculate the greatest common factor of 206900 and 200.
100
What is the greatest common factor of 6 and 274926?
6
Calculate the greatest common divisor of 3111493 and 187.
187
What is the highest common factor of 1664 and 8192?
128
What is the greatest common factor of 62595 and 26215?
535
Calculate the greatest common factor of 1387 and 8037.
19
Calculate the greatest common factor of 3505 and 30.
5
What is the greatest common divisor of 41818 and 145?
29
What is the greatest common divisor of 320 and 163770?
10
Calculate the greatest common factor of 2679950 and 475.
475
Calculate the greatest common factor of 1838093 and 53.
53
Calculate the greatest common divisor of 762 and 210.
6
Calculate the highest common factor of 36 and 116577.
9
What is the highest common factor of 2169 and 8703?
9
Calculate the greatest common factor of 7839 and 230346.
603
What is the greatest common factor of 91 and 2717?
13
Calculate the greatest common divisor of 9659 and 1976.
13
Calculate the highest common divisor of 42007 and 2975.
119
Calculate the greatest common divisor of 3244 and 676.
4
Calculate the greatest common divisor of 109452 and 84.
84
Calculate the highest common factor of 7296 and 56.
8
Calculate the highest common factor of 5382 and 305838.
234
Calculate the highest common divisor of 1233 and 17399.
137
What is the greatest common divisor of 2712 and 207920?
904
What is the greatest common divisor of 207 and 72243?
207
What is the highest common factor of 191136 and 1408?
352
What is the highest common factor of 146672 and 1339?
103
What is the greatest common factor of 7861 and 791?
7
What is the highest common factor of 3276 and 1456?
364
Calculate the highest common factor of 520 and 585.
65
Calculate the greatest common factor of 12944 and 18607.
809
Calculate the greatest common divisor of 25551 and 4012.
17
What is the highest common divisor of 784 and 63602?
98
Calculate the greatest common divisor of 43 and 210141.
43
Calculate the greatest common factor of 5597 and 11832.
29
What is the greatest common divisor of 4028 and 5?
1
Calculate the highest common factor of 37335 and 1441.
131
What is the greatest common factor of 459 and 5406?
51
Calculate the greatest common factor of 2394 and 261.
9
Calculate the greatest common divisor of 78 and 538.
2
Calculate the highest common factor of 19157 and 9.
1
Calculate the highest common divisor of 73358 and 4730.
86
What is the greatest common divisor of 9 and 7322445?
9
What is the highest common divisor of 6636 and 51192?
948
What is the highest common divisor of 101191 and 47?
47
Calculate the greatest common factor of 893 and 2021.
47
Calculate the highest common factor of 1348 and 61671.
337
What is the highest common divisor of 1214310 and 195?
15
What is the highest common divisor of 2050 and 950?
50
What is the greatest common factor of 19005 and 33123?
543
Calculate the highest common divisor of 16140 and 660.
60
What is the greatest common divisor of 196 and 8529724?
196
What is the greatest common divisor of 26 and 4459?
13
Calculate the highest common divisor of 27251 and 2329.
17
Calculate the highest common factor of 40499 and 1.
1
What is the highest common factor of 48 and 149304?
24
Calculate the highest common divisor of 6743 and 451.
11
Calculate the greatest common divisor of 59933 and 146.
73
What is the highest common factor of 384 and 7824?
48
What is the greatest common factor of 1711336 and 88?
88
Calculate the greatest common divisor of 2262 and 260052.
78
What is the highest common divisor of 117 and 685161?
9
Calculate the highest common divisor of 80 and 520680.
40
What is the highest common factor of 92 and 460276?
92
Calculate the greatest common factor of 18918128 and 16.
16
Calculate the highest common factor of 1107500 and 25.
25
Calculate the greatest common divisor of 12942 and 18.
18
Calculate the highest common factor of 96 and 122784.
96
Calculate the highest common divisor of 54300 and 10500.
300
What is the highest common divisor of 42401 and 389?
389